-4)*(-26)/(-13). What are the prime factors of (653 + d)/((-35)/(-21) - 1)?
3, 109
Suppose -12*f - q = -7*f - 18, 0 = 5*q - 15. Suppose -f*o = -l + 251, -2*l - 3*o - 68 = -588. What are the prime factors of l?
257
Suppose -n + 73 = -59. Let c = 64 + n. Let v = c + -117. What are the prime factors of v?
79
Let j(m) = 908*m**2 - 2*m + 1. Let w be j(1). Suppose 10565 - w = 11*t. What are the prime factors of t?
2, 439
Let n = 652 + -655. What are the prime factors of n/(7 + (-6368)/908)?
227
What are the prime factors of 23489/3 - ((-88)/12)/(-11)?
7829
List the prime factors of (-35895)/(-5) - (-23 - -14).
2, 3, 599
List the prime factors of (-1)/4 - ((-939)/(-10))/(2280/(-1035500)).
2, 21323
Suppose 0 = 2*d, -2*h + 6 = h - d. Let b be -6 + 5 + 2 + h. Suppose -2*k - z + 294 = 0, -b*k = 2*z - 3*z - 446. List the prime factors of k.
2, 37
Suppose 3*s - 2700 = -c + 4*s, 2*s + 4 = 0. What are the prime factors of c?
2, 19, 71
Let m(z) = 1. Let a(s) = 3*s + 6. Let u(d) = a(d) - m(d). Let n be u(0). Suppose 5*k + h - 419 = 0, n*k - 2*h - 399 = 2*h. What are the prime factors of k?
83
Let i(y) = 1169*y**2 - 23*y - 90. What are the prime factors of i(-5)?
2, 3, 5, 13
Let u be 1 + (0 + -1)/(31/31). Suppose 13*z - 12*z - 876 = u. List the prime factors of z.
2, 3, 73
Let p(z) = 2*z**3 - 7*z**2 + 7*z + 8. Let g be p(7). Suppose 2*j - 80 + 54 = v, v - 40 = -4*j. List the prime factors of (j/(-1))/((-16)/g).
5, 11
Suppose 62564 = 91*d - 85458 - 317989. What are the prime factors of d?
3, 569
Let r(v) = 3*v + 1. Let b(c) = 7*c + 1. Let i(j) = 2*b(j) - 5*r(j). Let x be i(-3). Suppose 0*p + 6*p - 678 = x. What are the prime factors of p?
113
Suppose 9*w + 1 - 1 = 0. Suppose 4*j - 164 - 1096 = w. List the prime factors of j.
3, 5, 7
Suppose 0*t = 4*v + 3*t - 5, 0 = v - t - 3. Let q(h) = -7*h - 1. Let y be q(-6). Suppose -w - b = -v*b - y, -2*w + 102 = 3*b. List the prime factors of w.
3, 5
Let d(g) = -2*g**3 + 92*g**2 - 20*g + 51. What are the prime factors of d(38)?
3, 5, 1493
Let m(h) = -h**2 + 18*h - 31. Let f = 48 - 42. Let i(c) = 1. Let l(p) = f*i(p) + m(p). What are the prime factors of l(14)?
31
Let o(w) = 49 + 40 + 0*w + 48*w + 118. What are the prime factors of o(22)?
3, 421
Suppose -5776*k = -5803*k + 59832. What are the prime factors of k?
2, 277
Suppose 0 = 2*y + 3*y + 3*c + 1177, -6*c - 1189 = 5*y. Let g = -182 - -66. Let o = g - y. What are the prime factors of o?
3, 13
Let j(y) = -91*y + 6. Let d be j(-8). Let a be 21/(-4)*-1 + 12/(-48). Suppose -a*x + d = w + 2*w, -3*x = 2*w - 441. List the prime factors of x.
5, 29
Let l be 5/((-20)/(-14))*(74 - 4). Let p = l - 175. What are the prime factors of p?
2, 5, 7
Suppose 0 = -y - 8*y + 4761. Suppose 8*c - 7593 = -y. List the prime factors of c.
883
Let q(p) be the third derivative of -17*p**6/120 - p**5/12 - p**4/4 - 5*p**3/6 + 31*p**2 + p. List the prime factors of q(-3).
7, 61
Let h(j) = -518*j**2 + 6*j + 8. Let u be h(-1). Let f = u - -1013. List the prime factors of f.
7, 71
Let p(f) = 3*f**2 + 12*f + 46. Let m be p(-4). Let i = 842 - m. List the prime factors of i.
2, 199
Suppose q + 7*b - 2*b = -16, -5*b = -3*q + 52. Let i(o) = 11*o**2 - 14*o + 59. List the prime factors of i(q).
2, 103
Suppose -6*b = -2*b - 20. Suppose 4*m + 263 = -b*l, 4*l + 214 = m - 3*m. Let c = 30 - l. List the prime factors of c.
5, 17
What are the prime factors of 24 + 1 - 13 - -7536?
2, 3, 17, 37
What are the prime factors of (-2050315)/(-65) - 116/377?
31543
Suppose 4*l - 206 = 2*m, -4*m = 4*l - 5*l + 34. Let w = -66 + l. What are the prime factors of w/(-4) + (0 + -20)*-5?
103
Suppose 15*a + 11*a = 37*a - 659901. List the prime factors of a.
3, 19997
Let x(g) = 1485*g**2 - 17*g. Let m be x(-3). Suppose -44*q + m = -32*q. What are the prime factors of q?
2, 13, 43
Let j be (-2)/(-7) - ((-22320)/35)/8. Suppose 8*i = j - 2248. Let r = i - -395. What are the prime factors of r?
2, 31
Suppose -57*v - 88 = -65*v. Suppose -v*q + 2034 = -2*q. List the prime factors of q.
2, 113
Let j(a) = a**3 + 21*a**2 + 19*a - 20. Let w = -38 - -18. Let r be j(w). Suppose 4*t - 26 - 42 = r. List the prime factors of t.
17
Suppose -2*a + 98 = -2*l + 4, 2*l = a - 43. Suppose -c = -169 + a. Suppose 4*u - 2*u - c = 0. List the prime factors of u.
59
Let k(h) = 1439*h**2 + 285*h + 3. What are the prime factors of k(3)?
3, 4603
Suppose -3 = 9*m - 12. Suppose -5*y - 5*j = -j - 31, -2*y = -5*j + 14. List the prime factors of m*((24 - (-2 + -2)) + y).
31
Let w(t) = 2*t**2 + 8*t + 5. Let b = 12 + -20. Let n be w(b). Suppose 3*r - 27 = n. What are the prime factors of r?
2
Let d(i) = 343*i - 24. Let m(l) = -172*l + 12. Let y(t) = -6*d(t) - 10*m(t). List the prime factors of y(-2).
2, 5, 7
Let n(i) be the second derivative of i**6/360 - 19*i**5/120 + 17*i**4/12 + 16*i. Let x(s) be the third derivative of n(s). List the prime factors of x(11).
3
Suppose -60785*s - 1987441 = -60816*s. What are the prime factors of s?
61, 1051
Let k(c) = -c**2 + c + 6. Let y be k(2). Suppose -7*s = -157 - y. Suppose -374 = 21*g - s*g. List the prime factors of g.
11, 17
Let i(l) = l**3 - 4*l**2 - 2*l + 7. Let j be i(4). Let d(a) = 73*a - 7. Let c be d(j). What are the prime factors of ((-82)/4 - -1)/(12/c)?
2, 5, 13
Let z = -78 + 82. Suppose z*p - 215 = -p. List the prime factors of p.
43
Let d = -6052 - -6230. What are the prime factors of d?
2, 89
Let d = 461 - 446. What are the prime factors of (-27)/(-405) - (-18284)/d?
23, 53
Let l(u) = 5*u**3 - 15*u**2 - 30*u - 17. What are the prime factors of l(15)?
13033
Suppose 202*d + 508374 = 1971662. List the prime factors of d.
2, 1811
Let f(p) = 2*p**2 - 22*p - 36. Let s be f(17). Suppose -w + 34 = -s. Let k = -121 + w. What are the prime factors of k?
3
Let y(h) = 1. Let u(q) = -9*q**2 - 4*q + 5. Let o(n) = -u(n) + 2*y(n). Let x be o(1). List the prime factors of (85/x - 3)/((-1)/(-10)).
5, 11
Let k(i) = 437*i**2 + 15*i - 1. Let r(h) = -146*h**2 - 5*h. Let s(o) = 4*k(o) + 11*r(o). List the prime factors of s(2).
2, 7, 41
Let x = -95 + 98. Suppose 0*g + 8 = -2*g, x*n = -4*g + 209. Let p = -1 + n. What are the prime factors of p?
2, 37
What are the prime factors of (2/(-4))/(2/20) + (4486 - 31)?
2, 5, 89
Let p(v) = 22*v**2 - 58*v - 62. Let i(j) = -8*j**2 + 19*j + 21. Let t(w) = 8*i(w) + 3*p(w). What are the prime factors of t(20)?
2, 3, 19
Let y(m) = -2339*m + 9915. What are the prime factors of y(-6)?
3, 887
Suppose -4*g = -542 - 1554. Suppose -3*x + 389 = 2*d, -2*x - 2*x + g = 4*d. What are the prime factors of x?
127
Let o be 11/3 - 16/(-48). Suppose -o*v = 12*v - 6192. What are the prime factors of v?
3, 43
Let w = -56 - -60. Suppose 3*i = -5*k - 5 + 3, 4*i + 24 = w*k. Suppose 2*a = 2*c + 306, 0 = -k*a - 3*c + 307 + 9. What are the prime factors of a?
5, 31
Suppose -2*r + 0*x + 364 = -x, -5*r + 904 = -x. What are the prime factors of (4090/(-25))/((-18)/r)?
2, 409
List the prime factors of (2358/(-8))/(17/(-748)).
3, 11, 131
Suppose 2*o - 5*o + 3*v + 27 = 0, -o + 10 = -2*v. Let w(s) = s + 19. Let r(b) = -1. Let t(j) = 5*r(j) + w(j). What are the prime factors of t(o)?
2, 11
Let i be ((-36)/(-42))/(1/(-7)). Let w be 2*((-9)/i - 2). Let b = 18 + w. What are the prime factors of b?
17
Let h(p) = p - 7. Suppose 5*l - 3*t + 7*t = 65, -3*t = -l - 6. Let r be h(l). Suppose -5*w + 396 = 2*f - w, r*f - 361 = 3*w. What are the prime factors of f?
2, 47
Suppose 40 = 8*o + 8. Suppose a - o*y - 439 = 351, 0 = -a - 5*y + 772. List the prime factors of a.
2, 17, 23
Suppose 50831 = 4*n + d, -3*d + 12431 = 2*n - 12992. List the prime factors of n.
97, 131
Let s(n) = n**2 + n - 12. Let m be s(-4). Suppose -3*r - 5*z + 2030 = m, 4*r + 3*z = -r + 3410. List the prime factors of r.
5, 137
Suppose 0 = -2*t + 3*t - 282. Suppose 48*y + 1096 = 4*n + 44*y, -n + t = 3*y. What are the prime factors of n?
2, 3, 23
Let j(m) be the third derivative of m**6/120 + 7*m**5/20 - 5*m**4/6 + 31*m**3/2 - 36*m**2. What are the prime factors of j(-22)?
7
Let l be (3208/(-10))/(((-18)/(-15))/6). What are the prime factors of 98/28*l/(-7)?
2, 401
Let h(w) = -6*w**3 + 2*w**2 + 6*w - 5. Let a = 47 - 52. What are the prime factors of h(a)?
3, 5, 17
Suppose -i = 5*i - 99576. Suppose -10*b = 2*b - i. Suppose -759 = -9*r + b. What are the prime factors of r?
2, 7, 1